e
Is 804 a multiple of 12?
True
Is 27 a factor of 33142?
False
Is 356 even?
True
Is 23 a factor of 690?
True
Does 5 divide 1494?
False
Is 7950 a multiple of 75?
True
Is 14 a factor of 238?
True
Is 362 a multiple of 21?
False
Is 27 a factor of 1172?
False
Does 83 divide 26477?
True
Is 28299 a multiple of 54?
False
Does 27 divide 1060?
False
Is 9 a factor of 4482?
True
Is 2 a factor of 103?
False
Is 1333 a multiple of 27?
False
Is 16 a factor of 960?
True
Is 605 a multiple of 82?
False
Is 17 a factor of 613?
False
Does 43 divide 14706?
True
Is 3 a factor of 1338?
True
Does 7 divide 5292?
True
Is 8221 a multiple of 182?
False
Is 67755 a multiple of 15?
True
Is 228 even?
True
Is 39 a factor of 36700?
False
Is 16880 a multiple of 10?
True
Is 18383 a multiple of 31?
True
Is 74385 a multiple of 135?
True
Is 194 a factor of 32403?
False
Is 5577 a multiple of 13?
True
Does 2 divide 460?
True
Is 4624 a multiple of 68?
True
Is 16017 a multiple of 11?
False
Does 36 divide 348?
False
Is 53 a factor of 2491?
True
Does 132 divide 18405?
False
Is 86 a factor of 6966?
True
Is 13338 a multiple of 27?
True
Does 13 divide 2837?
False
Is 2689 a multiple of 118?
False
Is 18 a factor of 42912?
True
Is 9 a factor of 4325?
False
Is 5 a factor of 1955?
True
Is 20 a factor of 481?
False
Does 16 divide 2000?
True
Is 1210 a multiple of 2?
True
Is 6 a factor of 149?
False
Does 73 divide 21535?
True
Does 224 divide 35616?
True
Is 25 a factor of 3075?
True
Is 2682 a multiple of 18?
True
Does 57 divide 1289?
False
Is 710 a multiple of 13?
False
Is 1403 a multiple of 23?
True
Is 9900 a multiple of 22?
True
Is 37 a factor of 798?
False
Does 18 divide 2760?
False
Does 41 divide 7462?
True
Is 22197 a multiple of 50?
False
Is 65119 a multiple of 88?
False
Is 320 a multiple of 64?
True
Is 14 a factor of 5236?
True
Does 138 divide 2291?
False
Is 91 a multiple of 6?
False
Does 144 divide 28130?
False
Is 21840 a multiple of 16?
True
Is 11828 a multiple of 78?
False
Does 28 divide 84?
True
Is 22 a factor of 616?
True
Is 6721 a multiple of 13?
True
Is 46 a factor of 5934?
True
Does 22 divide 19928?
False
Does 9 divide 1152?
True
Does 5 divide 2191?
False
Is 80 a factor of 2738?
False
Does 16 divide 10923?
False
Does 201 divide 2814?
True
Does 2 divide 2447?
False
Is 53307 a multiple of 178?
False
Does 25 divide 328?
False
Does 14 divide 5096?
True
Does 59 divide 16227?
False
Is 10 a factor of 2674?
False
Does 12 divide 624?
True
Is 40 a factor of 320?
True
Is 41 a factor of 2425?
False
Does 3 divide 339?
True
Is 55 a factor of 34147?
False
Is 238 a multiple of 12?
False
Is 230 a factor of 22545?
False
Is 26 a factor of 4752?
False
Is 43 a factor of 2044?
False
Is 35877 a multiple of 47?
False
Does 10 divide 1710?
True
Is 1961 a multiple of 89?
False
Is 33 a factor of 33?
True
Is 968 a multiple of 22?
True
Is 430 a multiple of 54?
False
Is 51 a factor of 9078?
True
Does 53 divide 38472?
False
Is 118 a factor of 1416?
True
Is 6 a factor of 384?
True
Is 18 a factor of 1364?
False
Does 14 divide 33964?
True
Is 35 a factor of 77210?
True
Does 8 divide 7295?
False
Does 52 divide 5708?
False
Is 26 a factor of 676?
True
Is 23 a factor of 50876?
True
Does 20 divide 23340?
True
Is 5 a factor of 986?
False
Is 258 a factor of 13641?
False
Is 35 a factor of 31290?
True
Is 1092 a multiple of 91?
True
Is 13 a factor of 4355?
True
Is 20 a factor of 920?
True
Does 10 divide 900?
True
Is 8807 a multiple of 68?
False
Is 40 a factor of 5440?
True
Does 123 divide 2829?
True
Is 169 a multiple of 32?
False
Is 50652 a multiple of 63?
True
Is 12 a factor of 672?
True
Does 75 divide 7350?
True
Is 12 a factor of 75?
False
Is 11 a factor of 1103?
False
Is 17766 a multiple of 141?
True
Is 44388 a multiple of 18?
True
Is 20 a factor of 204?
False
Is 2039 a multiple of 22?
False
Does 11 divide 1035?
False
Is 9 a factor of 1111?
False
Is 17 a factor of 1377?
True
Is 22 a factor of 836?
True
Is 41 a factor of 10999?
False
Does 26 divide 921?
False
Does 63 divide 1008?
True
Does 46 divide 379?
False
Is 220 a multiple of 20?
True
Does 8 divide 1210?
False
Does 52 divide 19188?
True
Is 275 a multiple of 12?
False
Is 884 a multiple of 34?
True
Is 13 a factor of 3004?
False
Does 44 divide 34144?
True
Is 18 a factor of 6356?
False
Does 20 divide 7840?
True
Is 4114 a multiple of 121?
True
Is 12120 a multiple of 202?
True
Is 12 a factor of 15420?
True
Is 459 a multiple of 17?
True
Is 849 a multiple of 27?
False
Does 23 divide 13965?
False
Is 2280 a multiple of 20?
True
Is 1204 a multiple of 14?
True
Is 125 a factor of 2375?
True
Does 11 divide 10057?
False
Is 39 a factor of 4021?
False
Is 32 a factor of 321?
False
Is 3 a factor of 2887?
False
Is 393 a multiple of 2?
False
Is 54117 a multiple of 155?
False
Is 70 a factor of 700?
True
Is 2666 a multiple of 62?
True
Does 15 divide 2355?
True
Is 1161 a multiple of 23?
False
Is 25264 a multiple of 16?
True
Is 12 a factor of 4227?
False
Does 15 divide 2760?
True
Does 101 divide 3045?
False
Is 5 a factor of 780?
True
Is 59 a factor of 2360?
True
Does 60 divide 24240?
True
Is 24 a factor of 3840?
True
Is 38 a factor of 4826?
True
Does 63 divide 126?
True
Is 14 a factor of 2100?
True
Is 15 a factor of 44379?
False
Is 121 a factor of 31910?
False
Does 18 divide 14616?
True
Does 43 divide 6079?
False
Does 11 divide 19701?
True
Is 79 a factor of 54668?
True
Is 35 a factor of 9843?
False
Is 18039 a multiple of 21?
True
Does 87 divide 87?
True
Does 44 divide 763?
False
Is 768 a multiple of 2?
True
Is 15 a factor of 1995?
True
Is 92 a factor of 4491?
False
Does 4 divide 839?
False
Is 8204 a multiple of 43?
False
Is 2395 a multiple of 35?
False
Is 9 a factor of 5637?
False
Does 4 divide 485?
False
Is 12669 a multiple of 21?
False
Is 14794 a multiple of 13?
True
Does 21 divide 2793?
True
Is 19 a factor of 1102?
True
Is 329 a multiple of 7?
True
Does 6 divide 1769?
False
Is 14555 a multiple of 6?
False
Is 42 a factor of 3374?
False
Is 30184 a multiple of 28?
True
Is 185 a factor of 4490?
False
Does 31 divide 26015?
False
Is 5340 a multiple of 20?
True
Is 3770 a multiple of 10?
True
Does 27 divide 13878?
True
Is 35 a factor of 6098?
False
Is 10175 a multiple of 5?
True
Is 2863 a multiple of 30?
False
Is 111 a factor of 330?
False
Is 155 a factor of 41168?
False
Is 5 a factor of 82?
False
Is 961 a multiple of 27?
False
Does 55 divide 20625?
True
Is 452 a multiple of 4?
True
Is 22 a factor of 7465?
False
Does 13 divide 806?
True
Is 3 a factor of 909?
True
Is 8832 a multiple of 23?
True
Is 45 a factor of 5870?
False
Is 160 a multiple of 8?
True
Is 976 a multiple of 26?
False
Does 24 divide 533?
False
Is 350 a factor of 165200?
True
Is 28 a factor of 19992?
True
Is 231 a multiple of 33?
True
Is 19915 a multiple of 15?
False
Does 27 divide 5442?
False
Is 5 a factor of 345?
True
Is 101 a multiple of 2?
False
Is 6041 a multiple of 60?
False
Does 105 divide 1575?
True
Is 2 a factor of 4?
True
Does 20 divide 40020?
True
Does 31 divide 341?
True
Is 1230 even?
True
Is 2832 a multiple of 177?
True
Is 21 a factor of 67935?
True
Is 269 a factor of 2950?
False
Is 35140 a multiple of 251?
True
Is 581 a multiple of 37?
False
Does 5 divide 1608?
False
Is 6041 a multiple of 10?
False
Is 6 a factor of 534?
True
Does 108 divide 105633?
False
Is 3417 even?
False
Is 78 a multiple of 36?
False
Does 7 divide 1162?
True
Is 21 a factor of 273?
True
Does 4 divide 1656?
True
Does 16 divide 1128?
False
Is 7866 a multiple of 18?
True
Is 8 a factor of 3104?
True
Is 76 a factor of 1216?
True
Is 11 a factor of 4475?
False
Is 35475 a multiple of 165?
True
Does 13 divide 127?
False
Is 30 a factor of 990?
True
Does 46 divide 108?
False
Does 12 divide 333?
False
Does 4 divide 592?
True
Does 2 divide 4100?
True
Is 39 a factor of 1481?
False
Is 11 a factor of 28446?
True
Is 376 a multiple of 4?
True
Is 468 a multiple of 26?
True
Is 3696 a multiple of 22?
True
Is 5 a factor of 340?
True
Does 13 divide 117?
True
Is 3428 a multiple of 15?
False
Is 146 a factor of 17228?
True
Does 3 divide 292?
False
Is 7050 a multiple of 33?
False
Does 5 divide 28660?
True
Is 21 a factor of 21280?
False
Is 1449 a multiple of 21?
True
Is 34884 a multiple of 228?
True
Is 53 a factor of 6413?
True
Is 27 a factor of 33917?
False
Is 7680 a multiple of 8?